141.101.76.90 - - [16/Sep/2025:10:48:17 +0800] "GET /fixmate-class-personal/ HTTP/2.0" 200 87488 "-" "facebookexternalhit/1.1 (+http://www.facebook.com/externalhit_uatext.php)"
104.23.168.4 - - [16/Sep/2025:10:48:17 +0800] "GET /fixmate-class-personal/ HTTP/2.0" 200 87488 "-" "facebookexternalhit/1.1 (+http://www.facebook.com/externalhit_uatext.php)"
172.71.182.126 - - [16/Sep/2025:10:48:17 +0800] "GET /fixmate-class-personal/ HTTP/2.0" 200 87488 "-" "facebookexternalhit/1.1 (+http://www.facebook.com/externalhit_uatext.php)"
172.70.208.100 - - [16/Sep/2025:10:48:28 +0800] "GET /fixmate-class-personal/ HTTP/2.0" 200 123717 "https://fixmate.id/pricing/" "Mozilla/5.0 (Macintosh; Intel Mac OS X 10_15_7) AppleWebKit/537.36 (KHTML, like Gecko) Chrome/139.0.0.0 Safari/537.36"
172.70.208.100 - - [16/Sep/2025:10:48:28 +0800] "GET /wp/wp-admin/admin-ajax.php?action=pys_get_pbid HTTP/2.0" 200 1 "https://fixmate.id/fixmate-class-personal/" "Mozilla/5.0 (Macintosh; Intel Mac OS X 10_15_7) AppleWebKit/537.36 (KHTML, like Gecko) Chrome/139.0.0.0 Safari/537.36"
172.70.208.100 - - [16/Sep/2025:10:48:28 +0800] "POST /wp/wp-admin/admin-ajax.php HTTP/2.0" 200 - "https://fixmate.id/fixmate-class-personal/" "Mozilla/5.0 (Macintosh; Intel Mac OS X 10_15_7) AppleWebKit/537.36 (KHTML, like Gecko) Chrome/139.0.0.0 Safari/537.36"
172.70.208.100 - - [16/Sep/2025:10:48:58 +0800] "POST /wp/wp-admin/admin-ajax.php HTTP/2.0" 200 47 "https://fixmate.id/wp/wp-admin/" "Mozilla/5.0 (Macintosh; Intel Mac OS X 10_15_7) AppleWebKit/537.36 (KHTML, like Gecko) Chrome/139.0.0.0 Safari/537.36"
172.71.124.123 - - [16/Sep/2025:10:50:30 +0800] "GET /fixmate-class-personal/ HTTP/2.0" 200 123717 "https://fixmate.id/pricing/" "Mozilla/5.0 (Macintosh; Intel Mac OS X 10_15_7) AppleWebKit/537.36 (KHTML, like Gecko) Chrome/139.0.0.0 Safari/537.36"
172.71.124.158 - - [16/Sep/2025:10:50:30 +0800] "POST /wp/wp-admin/admin-ajax.php HTTP/2.0" 200 - "https://fixmate.id/fixmate-class-personal/" "Mozilla/5.0 (Macintosh; Intel Mac OS X 10_15_7) AppleWebKit/537.36 (KHTML, like Gecko) Chrome/139.0.0.0 Safari/537.36"
172.71.124.158 - - [16/Sep/2025:10:50:30 +0800] "GET /wp/wp-admin/admin-ajax.php?action=pys_get_pbid HTTP/2.0" 200 1 "https://fixmate.id/fixmate-class-personal/" "Mozilla/5.0 (Macintosh; Intel Mac OS X 10_15_7) AppleWebKit/537.36 (KHTML, like Gecko) Chrome/139.0.0.0 Safari/537.36"
172.71.124.158 - - [16/Sep/2025:10:50:59 +0800] "POST /wp/wp-admin/admin-ajax.php HTTP/2.0" 200 47 "https://fixmate.id/wp/wp-admin/" "Mozilla/5.0 (Macintosh; Intel Mac OS X 10_15_7) AppleWebKit/537.36 (KHTML, like Gecko) Chrome/139.0.0.0 Safari/537.36"
172.71.95.33 - - [16/Sep/2025:10:51:24 +0800] "GET / HTTP/2.0" 200 100779 "-" "Mozilla/5.0 (Windows NT 10.0; Win64; x64) AppleWebKit/537.36 (KHTML, like Gecko) Chrome/89.0.4389.114 Safari/537.36"
172.71.95.33 - - [16/Sep/2025:10:51:28 +0800] "GET //wp-includes/wlwmanifest.xml HTTP/2.0" 301 - "-" "Mozilla/5.0 (Windows NT 10.0; Win64; x64) AppleWebKit/537.36 (KHTML, like Gecko) Chrome/89.0.4389.114 Safari/537.36"
172.71.95.33 - - [16/Sep/2025:10:51:29 +0800] "GET //xmlrpc.php?rsd HTTP/2.0" 301 - "-" "Mozilla/5.0 (Windows NT 10.0; Win64; x64) AppleWebKit/537.36 (KHTML, like Gecko) Chrome/89.0.4389.114 Safari/537.36"
172.71.95.33 - - [16/Sep/2025:10:51:29 +0800] "GET / HTTP/2.0" 200 100779 "-" "Mozilla/5.0 (Windows NT 10.0; Win64; x64) AppleWebKit/537.36 (KHTML, like Gecko) Chrome/89.0.4389.114 Safari/537.36"
172.71.95.33 - - [16/Sep/2025:10:51:31 +0800] "GET //blog/wp-includes/wlwmanifest.xml HTTP/2.0" 301 - "-" "Mozilla/5.0 (Windows NT 10.0; Win64; x64) AppleWebKit/537.36 (KHTML, like Gecko) Chrome/89.0.4389.114 Safari/537.36"
172.71.95.33 - - [16/Sep/2025:10:51:32 +0800] "GET //web/wp-includes/wlwmanifest.xml HTTP/2.0" 301 - "-" "Mozilla/5.0 (Windows NT 10.0; Win64; x64) AppleWebKit/537.36 (KHTML, like Gecko) Chrome/89.0.4389.114 Safari/537.36"
172.71.95.33 - - [16/Sep/2025:10:51:32 +0800] "GET //wordpress/wp-includes/wlwmanifest.xml HTTP/2.0" 301 - "-" "Mozilla/5.0 (Windows NT 10.0; Win64; x64) AppleWebKit/537.36 (KHTML, like Gecko) Chrome/89.0.4389.114 Safari/537.36"
172.71.95.33 - - [16/Sep/2025:10:51:33 +0800] "GET //website/wp-includes/wlwmanifest.xml HTTP/2.0" 301 - "-" "Mozilla/5.0 (Windows NT 10.0; Win64; x64) AppleWebKit/537.36 (KHTML, like Gecko) Chrome/89.0.4389.114 Safari/537.36"
172.71.95.33 - - [16/Sep/2025:10:51:33 +0800] "GET //wp/wp-includes/wlwmanifest.xml HTTP/2.0" 301 - "-" "Mozilla/5.0 (Windows NT 10.0; Win64; x64) AppleWebKit/537.36 (KHTML, like Gecko) Chrome/89.0.4389.114 Safari/537.36"
172.71.95.33 - - [16/Sep/2025:10:51:34 +0800] "GET //news/wp-includes/wlwmanifest.xml HTTP/2.0" 301 - "-" "Mozilla/5.0 (Windows NT 10.0; Win64; x64) AppleWebKit/537.36 (KHTML, like Gecko) Chrome/89.0.4389.114 Safari/537.36"
172.71.95.33 - - [16/Sep/2025:10:51:34 +0800] "GET //2020/wp-includes/wlwmanifest.xml HTTP/2.0" 301 - "-" "Mozilla/5.0 (Windows NT 10.0; Win64; x64) AppleWebKit/537.36 (KHTML, like Gecko) Chrome/89.0.4389.114 Safari/537.36"
172.71.95.33 - - [16/Sep/2025:10:51:34 +0800] "GET //2019/wp-includes/wlwmanifest.xml HTTP/2.0" 301 - "-" "Mozilla/5.0 (Windows NT 10.0; Win64; x64) AppleWebKit/537.36 (KHTML, like Gecko) Chrome/89.0.4389.114 Safari/537.36"
172.71.95.33 - - [16/Sep/2025:10:51:35 +0800] "GET //shop/wp-includes/wlwmanifest.xml HTTP/2.0" 301 - "-" "Mozilla/5.0 (Windows NT 10.0; Win64; x64) AppleWebKit/537.36 (KHTML, like Gecko) Chrome/89.0.4389.114 Safari/537.36"
172.71.95.33 - - [16/Sep/2025:10:51:35 +0800] "GET //wp1/wp-includes/wlwmanifest.xml HTTP/2.0" 301 - "-" "Mozilla/5.0 (Windows NT 10.0; Win64; x64) AppleWebKit/537.36 (KHTML, like Gecko) Chrome/89.0.4389.114 Safari/537.36"
172.71.95.33 - - [16/Sep/2025:10:51:36 +0800] "GET //test/wp-includes/wlwmanifest.xml HTTP/2.0" 301 - "-" "Mozilla/5.0 (Windows NT 10.0; Win64; x64) AppleWebKit/537.36 (KHTML, like Gecko) Chrome/89.0.4389.114 Safari/537.36"
172.71.95.33 - - [16/Sep/2025:10:51:36 +0800] "GET //wp2/wp-includes/wlwmanifest.xml HTTP/2.0" 301 - "-" "Mozilla/5.0 (Windows NT 10.0; Win64; x64) AppleWebKit/537.36 (KHTML, like Gecko) Chrome/89.0.4389.114 Safari/537.36"
172.71.95.33 - - [16/Sep/2025:10:51:37 +0800] "GET //site/wp-includes/wlwmanifest.xml HTTP/2.0" 301 - "-" "Mozilla/5.0 (Windows NT 10.0; Win64; x64) AppleWebKit/537.36 (KHTML, like Gecko) Chrome/89.0.4389.114 Safari/537.36"
172.71.95.33 - - [16/Sep/2025:10:51:37 +0800] "GET //cms/wp-includes/wlwmanifest.xml HTTP/2.0" 301 - "-" "Mozilla/5.0 (Windows NT 10.0; Win64; x64) AppleWebKit/537.36 (KHTML, like Gecko) Chrome/89.0.4389.114 Safari/537.36"
172.71.95.33 - - [16/Sep/2025:10:51:38 +0800] "GET //sito/wp-includes/wlwmanifest.xml HTTP/2.0" 301 - "-" "Mozilla/5.0 (Windows NT 10.0; Win64; x64) AppleWebKit/537.36 (KHTML, like Gecko) Chrome/89.0.4389.114 Safari/537.36"
162.158.106.193 - - [16/Sep/2025:10:53:00 +0800] "POST /wp/wp-admin/admin-ajax.php HTTP/2.0" 200 47 "https://fixmate.id/wp/wp-admin/" "Mozilla/5.0 (Macintosh; Intel Mac OS X 10_15_7) AppleWebKit/537.36 (KHTML, like Gecko) Chrome/139.0.0.0 Safari/537.36"
162.158.108.17 - - [16/Sep/2025:10:55:01 +0800] "POST /wp/wp-admin/admin-ajax.php HTTP/2.0" 200 47 "https://fixmate.id/wp/wp-admin/" "Mozilla/5.0 (Macintosh; Intel Mac OS X 10_15_7) AppleWebKit/537.36 (KHTML, like Gecko) Chrome/139.0.0.0 Safari/537.36"
162.158.190.59 - - [16/Sep/2025:10:57:02 +0800] "POST /wp/wp-admin/admin-ajax.php HTTP/2.0" 200 47 "https://fixmate.id/wp/wp-admin/" "Mozilla/5.0 (Macintosh; Intel Mac OS X 10_15_7) AppleWebKit/537.36 (KHTML, like Gecko) Chrome/139.0.0.0 Safari/537.36"
162.158.172.22 - - [16/Sep/2025:10:57:02 +0800] "GET / HTTP/2.0" 200 100779 "-" "Mozlila/5.0 (Linux; Android 7.0; SM-G892A Bulid/NRD90M; wv) AppleWebKit/537.36 (KHTML, like Gecko) Version/4.0 Chrome/60.0.3112.107 Moblie Safari/537.36"
162.158.172.22 - - [16/Sep/2025:10:57:03 +0800] "GET /wp-content/themes/seotheme/db.php?u HTTP/2.0" 404 60639 "www.google.com" "Mozlila/5.0 (Linux; Android 7.0; SM-G892A Bulid/NRD90M; wv) AppleWebKit/537.36 (KHTML, like Gecko) Version/4.0 Chrome/60.0.3112.107 Moblie Safari/537.36"
162.158.172.22 - - [16/Sep/2025:10:57:04 +0800] "POST /wp-plain.php HTTP/2.0" 404 60639 "www.google.com" "Mozilla/5.0 (Linux; Android 7.0; SM-G892A Bulid/NRD90M; wv) AppleWebKit/537.36 (KHTML, like Gecko) Version/4.0 Chrome/60.0.3112.107 Moblie Safari/537.36"
162.158.172.22 - - [16/Sep/2025:10:57:04 +0800] "GET /khrsbwia.php?Fox=d3wL7 HTTP/2.0" 404 60639 "www.google.com" "Mozilla/5.0 (Linux; Android 7.0; SM-G892A Bulid/NRD90M; wv) AppleWebKit/537.36 (KHTML, like Gecko) Version/4.0 Chrome/60.0.3112.107 Moblie Safari/537.36"
162.158.172.148 - - [16/Sep/2025:10:57:04 +0800] "GET /wp-content/plugins/apikey/apikey.php?test=hello HTTP/2.0" 404 60639 "-" "Mozlila/5.0 (Linux; Android 7.0; SM-G892A Bulid/NRD90M; wv) AppleWebKit/537.36 (KHTML, like Gecko) Version/4.0 Chrome/60.0.3112.107 Moblie Safari/537.36"
162.158.172.148 - - [16/Sep/2025:10:57:05 +0800] "GET /plugins/content/apismtp/apismtp.php?test=hello HTTP/2.0" 404 60639 "-" "Mozlila/5.0 (Linux; Android 7.0; SM-G892A Bulid/NRD90M; wv) AppleWebKit/537.36 (KHTML, like Gecko) Version/4.0 Chrome/60.0.3112.107 Moblie Safari/537.36"
162.158.172.22 - - [16/Sep/2025:10:57:06 +0800] "GET /wp-content/plugins/apikey/apikey.php.suspected?test=hello HTTP/2.0" 404 60639 "-" "Mozlila/5.0 (Linux; Android 7.0; SM-G892A Bulid/NRD90M; wv) AppleWebKit/537.36 (KHTML, like Gecko) Version/4.0 Chrome/60.0.3112.107 Moblie Safari/537.36"
162.158.172.148 - - [16/Sep/2025:10:57:07 +0800] "GET /plugins/content/apismtp/apismtp.php.suspected?test=hello HTTP/2.0" 404 60639 "-" "Mozlila/5.0 (Linux; Android 7.0; SM-G892A Bulid/NRD90M; wv) AppleWebKit/537.36 (KHTML, like Gecko) Version/4.0 Chrome/60.0.3112.107 Moblie Safari/537.36"
108.162.226.7 - - [16/Sep/2025:10:59:03 +0800] "POST /wp/wp-admin/admin-ajax.php HTTP/2.0" 200 47 "https://fixmate.id/wp/wp-admin/" "Mozilla/5.0 (Macintosh; Intel Mac OS X 10_15_7) AppleWebKit/537.36 (KHTML, like Gecko) Chrome/139.0.0.0 Safari/537.36"
172.71.124.123 - - [16/Sep/2025:11:01:04 +0800] "POST /wp/wp-admin/admin-ajax.php HTTP/2.0" 200 47 "https://fixmate.id/wp/wp-admin/" "Mozilla/5.0 (Macintosh; Intel Mac OS X 10_15_7) AppleWebKit/537.36 (KHTML, like Gecko) Chrome/139.0.0.0 Safari/537.36"
162.158.88.128 - - [16/Sep/2025:11:03:05 +0800] "POST /wp/wp-admin/admin-ajax.php HTTP/2.0" 200 47 "https://fixmate.id/wp/wp-admin/" "Mozilla/5.0 (Macintosh; Intel Mac OS X 10_15_7) AppleWebKit/537.36 (KHTML, like Gecko) Chrome/139.0.0.0 Safari/537.36"
172.68.164.123 - - [16/Sep/2025:11:05:06 +0800] "POST /wp/wp-admin/admin-ajax.php HTTP/2.0" 200 47 "https://fixmate.id/wp/wp-admin/" "Mozilla/5.0 (Macintosh; Intel Mac OS X 10_15_7) AppleWebKit/537.36 (KHTML, like Gecko) Chrome/139.0.0.0 Safari/537.36"
172.69.176.99 - - [16/Sep/2025:11:07:08 +0800] "POST /wp/wp-admin/admin-ajax.php HTTP/2.0" 200 47 "https://fixmate.id/wp/wp-admin/" "Mozilla/5.0 (Macintosh; Intel Mac OS X 10_15_7) AppleWebKit/537.36 (KHTML, like Gecko) Chrome/139.0.0.0 Safari/537.36"
172.70.176.115 - - [16/Sep/2025:11:08:02 +0800] "GET /fixmate-class-personal/ HTTP/2.0" 200 87488 "-" "facebookexternalhit/1.1 (+http://www.facebook.com/externalhit_uatext.php)"
172.70.94.46 - - [16/Sep/2025:11:08:02 +0800] "GET /fixmate-class-personal/ HTTP/2.0" 200 87488 "-" "facebookexternalhit/1.1 (+http://www.facebook.com/externalhit_uatext.php)"
172.68.27.230 - - [16/Sep/2025:11:08:02 +0800] "GET /fixmate-class-personal/ HTTP/2.0" 200 87488 "-" "facebookexternalhit/1.1 (+http://www.facebook.com/externalhit_uatext.php)"
162.158.106.192 - - [16/Sep/2025:11:09:08 +0800] "POST /wp/wp-admin/admin-ajax.php HTTP/2.0" 200 47 "https://fixmate.id/wp/wp-admin/" "Mozilla/5.0 (Macintosh; Intel Mac OS X 10_15_7) AppleWebKit/537.36 (KHTML, like Gecko) Chrome/139.0.0.0 Safari/537.36"
172.69.166.116 - - [16/Sep/2025:11:11:10 +0800] "POST /wp/wp-admin/admin-ajax.php HTTP/2.0" 200 47 "https://fixmate.id/wp/wp-admin/" "Mozilla/5.0 (Macintosh; Intel Mac OS X 10_15_7) AppleWebKit/537.36 (KHTML, like Gecko) Chrome/139.0.0.0 Safari/537.36"
104.23.175.117 - - [16/Sep/2025:11:13:11 +0800] "POST /wp/wp-admin/admin-ajax.php HTTP/2.0" 200 47 "https://fixmate.id/wp/wp-admin/" "Mozilla/5.0 (Macintosh; Intel Mac OS X 10_15_7) AppleWebKit/537.36 (KHTML, like Gecko) Chrome/139.0.0.0 Safari/537.36"
104.23.175.117 - - [16/Sep/2025:11:13:12 +0800] "GET /fixmate-class-personal/ HTTP/2.0" 200 123717 "https://fixmate.id/pricing/" "Mozilla/5.0 (Macintosh; Intel Mac OS X 10_15_7) AppleWebKit/537.36 (KHTML, like Gecko) Chrome/139.0.0.0 Safari/537.36"
104.23.175.117 - - [16/Sep/2025:11:13:13 +0800] "GET /wp/wp-admin/admin-ajax.php?action=pys_get_pbid HTTP/2.0" 200 1 "https://fixmate.id/fixmate-class-personal/" "Mozilla/5.0 (Macintosh; Intel Mac OS X 10_15_7) AppleWebKit/537.36 (KHTML, like Gecko) Chrome/139.0.0.0 Safari/537.36"
104.23.175.117 - - [16/Sep/2025:11:13:13 +0800] "POST /wp/wp-admin/admin-ajax.php HTTP/2.0" 200 - "https://fixmate.id/fixmate-class-personal/" "Mozilla/5.0 (Macintosh; Intel Mac OS X 10_15_7) AppleWebKit/537.36 (KHTML, like Gecko) Chrome/139.0.0.0 Safari/537.36"
162.158.106.192 - - [16/Sep/2025:11:14:11 +0800] "GET /wp/wp-admin/admin.php?page=elementor-app&ver=3.25.5 HTTP/2.0" 200 103015 "https://fixmate.id/fixmate-class-personal/" "Mozilla/5.0 (Windows NT 10.0; Win64; x64) AppleWebKit/537.36 (KHTML, like Gecko) Chrome/138.0.0.0 Safari/537.36 Edg/138.0.0.0"
172.70.143.187 - - [16/Sep/2025:11:14:12 +0800] "GET /wp/wp-includes/js/wp-sanitize.min.js?ver=6.8.1 HTTP/2.0" 304 - "https://fixmate.id/wp/wp-admin/admin.php?page=elementor-app&ver=3.25.5" "Mozilla/5.0 (Windows NT 10.0; Win64; x64) AppleWebKit/537.36 (KHTML, like Gecko) Chrome/138.0.0.0 Safari/537.36 Edg/138.0.0.0"
172.70.189.84 - - [16/Sep/2025:11:14:12 +0800] "GET /wp/wp-admin/js/updates.min.js?ver=6.8.1 HTTP/2.0" 304 - "https://fixmate.id/wp/wp-admin/admin.php?page=elementor-app&ver=3.25.5" "Mozilla/5.0 (Windows NT 10.0; Win64; x64) AppleWebKit/537.36 (KHTML, like Gecko) Chrome/138.0.0.0 Safari/537.36 Edg/138.0.0.0"
172.70.93.91 - - [16/Sep/2025:11:14:12 +0800] "GET /app/plugins/elementor/assets/css/app.min.css?ver=3.25.5 HTTP/2.0" 200 79813 "https://fixmate.id/wp/wp-admin/admin.php?page=elementor-app&ver=3.25.5" "Mozilla/5.0 (Windows NT 10.0; Win64; x64) AppleWebKit/537.36 (KHTML, like Gecko) Chrome/138.0.0.0 Safari/537.36 Edg/138.0.0.0"
172.70.208.14 - - [16/Sep/2025:11:14:12 +0800] "GET /app/plugins/elementor/assets/js/app-packages.min.js?ver=3.25.5 HTTP/2.0" 200 124075 "https://fixmate.id/wp/wp-admin/admin.php?page=elementor-app&ver=3.25.5" "Mozilla/5.0 (Windows NT 10.0; Win64; x64) AppleWebKit/537.36 (KHTML, like Gecko) Chrome/138.0.0.0 Safari/537.36 Edg/138.0.0.0"
162.158.162.4 - - [16/Sep/2025:11:14:12 +0800] "GET /app/plugins/elementor/assets/js/app.min.js?ver=3.25.5 HTTP/2.0" 200 299282 "https://fixmate.id/wp/wp-admin/admin.php?page=elementor-app&ver=3.25.5" "Mozilla/5.0 (Windows NT 10.0; Win64; x64) AppleWebKit/537.36 (KHTML, like Gecko) Chrome/138.0.0.0 Safari/537.36 Edg/138.0.0.0"
162.158.106.193 - - [16/Sep/2025:11:14:11 +0800] "GET /wp/wp-admin/post.php?post=791&action=elementor HTTP/2.0" 200 2389335 "https://fixmate.id/fixmate-class-personal/" "Mozilla/5.0 (Windows NT 10.0; Win64; x64) AppleWebKit/537.36 (KHTML, like Gecko) Chrome/138.0.0.0 Safari/537.36 Edg/138.0.0.0"
162.158.106.192 - - [16/Sep/2025:11:14:14 +0800] "POST /wp/wp-admin/admin-ajax.php HTTP/2.0" 200 77 "https://fixmate.id/wp/wp-admin/post.php?post=791&action=elementor" "Mozilla/5.0 (Windows NT 10.0; Win64; x64) AppleWebKit/537.36 (KHTML, like Gecko) Chrome/138.0.0.0 Safari/537.36 Edg/138.0.0.0"
162.158.106.192 - - [16/Sep/2025:11:14:14 +0800] "GET /wp-json/elementor/v1/kit-elements-defaults HTTP/2.0" 200 2 "https://fixmate.id/wp/wp-admin/post.php?post=791&action=elementor" "Mozilla/5.0 (Windows NT 10.0; Win64; x64) AppleWebKit/537.36 (KHTML, like Gecko) Chrome/138.0.0.0 Safari/537.36 Edg/138.0.0.0"
162.158.106.192 - - [16/Sep/2025:11:14:14 +0800] "GET /wp-json/elementor/v1/checklist/user-progress HTTP/2.0" 200 525 "https://fixmate.id/wp/wp-admin/post.php?post=791&action=elementor" "Mozilla/5.0 (Windows NT 10.0; Win64; x64) AppleWebKit/537.36 (KHTML, like Gecko) Chrome/138.0.0.0 Safari/537.36 Edg/138.0.0.0"
162.158.106.192 - - [16/Sep/2025:11:14:14 +0800] "GET /wp-json/elementor/v1/site-navigation/recent-posts?posts_per_page=6&_locale=user HTTP/2.0" 200 1408 "https://fixmate.id/wp/wp-admin/post.php?post=791&action=elementor" "Mozilla/5.0 (Windows NT 10.0; Win64; x64) AppleWebKit/537.36 (KHTML, like Gecko) Chrome/138.0.0.0 Safari/537.36 Edg/138.0.0.0"
162.158.106.192 - - [16/Sep/2025:11:14:14 +0800] "GET /fixmate-class-personal/?elementor-preview=791&ver=1757992452 HTTP/2.0" 200 83850 "https://fixmate.id/wp/wp-admin/post.php?post=791&action=elementor" "Mozilla/5.0 (Windows NT 10.0; Win64; x64) AppleWebKit/537.36 (KHTML, like Gecko) Chrome/138.0.0.0 Safari/537.36 Edg/138.0.0.0"
162.158.106.193 - - [16/Sep/2025:11:14:14 +0800] "POST /wp/wp-admin/admin-ajax.php HTTP/2.0" 200 299307 "https://fixmate.id/wp/wp-admin/post.php?post=791&action=elementor" "Mozilla/5.0 (Windows NT 10.0; Win64; x64) AppleWebKit/537.36 (KHTML, like Gecko) Chrome/138.0.0.0 Safari/537.36 Edg/138.0.0.0"
162.158.106.193 - - [16/Sep/2025:11:14:14 +0800] "GET /wp-json/elementor/v1/globals HTTP/2.0" 200 1660 "https://fixmate.id/wp/wp-admin/post.php?post=791&action=elementor" "Mozilla/5.0 (Windows NT 10.0; Win64; x64) AppleWebKit/537.36 (KHTML, like Gecko) Chrome/138.0.0.0 Safari/537.36 Edg/138.0.0.0"
162.158.106.193 - - [16/Sep/2025:11:14:15 +0800] "GET /wp-json/elementor/v1/checklist/user-progress HTTP/2.0" 200 525 "https://fixmate.id/wp/wp-admin/post.php?post=791&action=elementor" "Mozilla/5.0 (Windows NT 10.0; Win64; x64) AppleWebKit/537.36 (KHTML, like Gecko) Chrome/138.0.0.0 Safari/537.36 Edg/138.0.0.0"
162.158.106.192 - - [16/Sep/2025:11:14:17 +0800] "GET /wp-json/elementor/v1/checklist/user-progress HTTP/2.0" 200 525 "https://fixmate.id/wp/wp-admin/post.php?post=791&action=elementor" "Mozilla/5.0 (Windows NT 10.0; Win64; x64) AppleWebKit/537.36 (KHTML, like Gecko) Chrome/138.0.0.0 Safari/537.36 Edg/138.0.0.0"
162.158.106.193 - - [16/Sep/2025:11:14:17 +0800] "GET /wp-json/elementor/v1/checklist/user-progress HTTP/2.0" 200 525 "https://fixmate.id/wp/wp-admin/post.php?post=791&action=elementor" "Mozilla/5.0 (Windows NT 10.0; Win64; x64) AppleWebKit/537.36 (KHTML, like Gecko) Chrome/138.0.0.0 Safari/537.36 Edg/138.0.0.0"
162.158.106.192 - - [16/Sep/2025:11:14:18 +0800] "POST /wp/wp-admin/admin-ajax.php HTTP/2.0" 200 712 "https://fixmate.id/wp/wp-admin/post.php?post=791&action=elementor" "Mozilla/5.0 (Windows NT 10.0; Win64; x64) AppleWebKit/537.36 (KHTML, like Gecko) Chrome/138.0.0.0 Safari/537.36 Edg/138.0.0.0"
162.158.106.193 - - [16/Sep/2025:11:14:21 +0800] "GET /wp-json/elementor/v1/checklist/user-progress HTTP/2.0" 200 525 "https://fixmate.id/wp/wp-admin/post.php?post=791&action=elementor" "Mozilla/5.0 (Windows NT 10.0; Win64; x64) AppleWebKit/537.36 (KHTML, like Gecko) Chrome/138.0.0.0 Safari/537.36 Edg/138.0.0.0"
162.158.106.192 - - [16/Sep/2025:11:14:22 +0800] "GET /fixmate-class-personal/ HTTP/2.0" 200 123705 "-" "Mozilla/5.0 (Windows NT 10.0; Win64; x64) AppleWebKit/537.36 (KHTML, like Gecko) Chrome/138.0.0.0 Safari/537.36 Edg/138.0.0.0"
162.158.106.192 - - [16/Sep/2025:11:14:27 +0800] "GET /fixmate-class-personal/ HTTP/2.0" 200 123705 "-" "Mozilla/5.0 (Windows NT 10.0; Win64; x64) AppleWebKit/537.36 (KHTML, like Gecko) Chrome/138.0.0.0 Safari/537.36 Edg/138.0.0.0"
172.68.164.10 - - [16/Sep/2025:11:14:28 +0800] "GET /app/uploads/2024/11/cropped-FixMate_logos-removebg-preview-32x32.png HTTP/2.0" 304 - "https://fixmate.id/fixmate-class-personal/" "Mozilla/5.0 (Windows NT 10.0; Win64; x64) AppleWebKit/537.36 (KHTML, like Gecko) Chrome/138.0.0.0 Safari/537.36 Edg/138.0.0.0"
172.70.208.100 - - [16/Sep/2025:11:15:12 +0800] "POST /wp/wp-admin/admin-ajax.php HTTP/2.0" 200 47 "https://fixmate.id/wp/wp-admin/" "Mozilla/5.0 (Macintosh; Intel Mac OS X 10_15_7) AppleWebKit/537.36 (KHTML, like Gecko) Chrome/139.0.0.0 Safari/537.36"
162.158.190.60 - - [16/Sep/2025:11:17:12 +0800] "POST /wp/wp-admin/admin-ajax.php HTTP/2.0" 200 47 "https://fixmate.id/wp/wp-admin/" "Mozilla/5.0 (Macintosh; Intel Mac OS X 10_15_7) AppleWebKit/537.36 (KHTML, like Gecko) Chrome/139.0.0.0 Safari/537.36"
172.70.142.5 - - [16/Sep/2025:11:17:18 +0800] "GET /favicon.ico HTTP/2.0" 302 - "https://fixmate.id/fixmate-class-personal/" "Mozilla/5.0 (Macintosh; Intel Mac OS X 10_15_7) AppleWebKit/537.36 (KHTML, like Gecko) Chrome/139.0.0.0 Safari/537.36"
162.158.190.60 - - [16/Sep/2025:11:17:20 +0800] "GET /fixmate-class-personal/ HTTP/2.0" 200 123717 "https://fixmate.id/pricing/" "Mozilla/5.0 (Macintosh; Intel Mac OS X 10_15_7) AppleWebKit/537.36 (KHTML, like Gecko) Chrome/139.0.0.0 Safari/537.36"
162.158.190.60 - - [16/Sep/2025:11:17:21 +0800] "GET /wp/wp-admin/admin-ajax.php?action=pys_get_pbid HTTP/2.0" 200 1 "https://fixmate.id/fixmate-class-personal/" "Mozilla/5.0 (Macintosh; Intel Mac OS X 10_15_7) AppleWebKit/537.36 (KHTML, like Gecko) Chrome/139.0.0.0 Safari/537.36"
162.158.190.60 - - [16/Sep/2025:11:17:21 +0800] "POST /wp/wp-admin/admin-ajax.php HTTP/2.0" 200 - "https://fixmate.id/fixmate-class-personal/" "Mozilla/5.0 (Macintosh; Intel Mac OS X 10_15_7) AppleWebKit/537.36 (KHTML, like Gecko) Chrome/139.0.0.0 Safari/537.36"
162.158.190.59 - - [16/Sep/2025:11:17:30 +0800] "GET /wp/wp-admin/admin.php?page=elementor-app&ver=3.25.5 HTTP/2.0" 200 103015 "https://fixmate.id/fixmate-class-personal/" "Mozilla/5.0 (Macintosh; Intel Mac OS X 10_15_7) AppleWebKit/537.36 (KHTML, like Gecko) Chrome/139.0.0.0 Safari/537.36"
162.158.190.59 - - [16/Sep/2025:11:17:29 +0800] "GET /wp/wp-admin/post.php?post=791&action=elementor HTTP/2.0" 200 2389326 "https://fixmate.id/fixmate-class-personal/" "Mozilla/5.0 (Macintosh; Intel Mac OS X 10_15_7) AppleWebKit/537.36 (KHTML, like Gecko) Chrome/139.0.0.0 Safari/537.36"
162.158.190.59 - - [16/Sep/2025:11:17:31 +0800] "POST /wp/wp-admin/admin-ajax.php HTTP/2.0" 200 77 "https://fixmate.id/wp/wp-admin/post.php?post=791&action=elementor" "Mozilla/5.0 (Macintosh; Intel Mac OS X 10_15_7) AppleWebKit/537.36 (KHTML, like Gecko) Chrome/139.0.0.0 Safari/537.36"
162.158.190.59 - - [16/Sep/2025:11:17:31 +0800] "GET /wp-json/elementor/v1/kit-elements-defaults HTTP/2.0" 200 2 "https://fixmate.id/wp/wp-admin/post.php?post=791&action=elementor" "Mozilla/5.0 (Macintosh; Intel Mac OS X 10_15_7) AppleWebKit/537.36 (KHTML, like Gecko) Chrome/139.0.0.0 Safari/537.36"
162.158.190.59 - - [16/Sep/2025:11:17:31 +0800] "GET /wp-json/elementor/v1/site-navigation/recent-posts?posts_per_page=6&_locale=user HTTP/2.0" 200 1408 "https://fixmate.id/wp/wp-admin/post.php?post=791&action=elementor" "Mozilla/5.0 (Macintosh; Intel Mac OS X 10_15_7) AppleWebKit/537.36 (KHTML, like Gecko) Chrome/139.0.0.0 Safari/537.36"
162.158.190.59 - - [16/Sep/2025:11:17:31 +0800] "GET /wp-json/elementor/v1/checklist/user-progress HTTP/2.0" 200 525 "https://fixmate.id/wp/wp-admin/post.php?post=791&action=elementor" "Mozilla/5.0 (Macintosh; Intel Mac OS X 10_15_7) AppleWebKit/537.36 (KHTML, like Gecko) Chrome/139.0.0.0 Safari/537.36"
162.158.190.59 - - [16/Sep/2025:11:17:31 +0800] "GET /fixmate-class-personal/?elementor-preview=791&ver=1757992650 HTTP/2.0" 200 83850 "https://fixmate.id/wp/wp-admin/post.php?post=791&action=elementor" "Mozilla/5.0 (Macintosh; Intel Mac OS X 10_15_7) AppleWebKit/537.36 (KHTML, like Gecko) Chrome/139.0.0.0 Safari/537.36"
172.71.82.87 - - [16/Sep/2025:11:17:32 +0800] "GET /app/plugins/elementor/assets/css/widget-nested-tabs.min.css?ver=3.25.5 HTTP/2.0" 304 - "https://fixmate.id/fixmate-class-personal/?elementor-preview=791&ver=1757992650" "Mozilla/5.0 (Macintosh; Intel Mac OS X 10_15_7) AppleWebKit/537.36 (KHTML, like Gecko) Chrome/139.0.0.0 Safari/537.36"
162.158.163.206 - - [16/Sep/2025:11:17:32 +0800] "GET /app/plugins/elementor/assets/css/widget-video.min.css?ver=3.25.5 HTTP/2.0" 304 - "https://fixmate.id/fixmate-class-personal/?elementor-preview=791&ver=1757992650" "Mozilla/5.0 (Macintosh; Intel Mac OS X 10_15_7) AppleWebKit/537.36 (KHTML, like Gecko) Chrome/139.0.0.0 Safari/537.36"
162.158.88.38 - - [16/Sep/2025:11:17:32 +0800] "GET /app/plugins/elementor/assets/css/widget-spacer.min.css?ver=3.25.5 HTTP/2.0" 304 - "https://fixmate.id/fixmate-class-personal/?elementor-preview=791&ver=1757992650" "Mozilla/5.0 (Macintosh; Intel Mac OS X 10_15_7) AppleWebKit/537.36 (KHTML, like Gecko) Chrome/139.0.0.0 Safari/537.36"
172.70.208.51 - - [16/Sep/2025:11:17:32 +0800] "GET /app/plugins/elementor/assets/css/conditionals/shapes.min.css?ver=3.25.5 HTTP/2.0" 304 - "https://fixmate.id/fixmate-class-personal/?elementor-preview=791&ver=1757992650" "Mozilla/5.0 (Macintosh; Intel Mac OS X 10_15_7) AppleWebKit/537.36 (KHTML, like Gecko) Chrome/139.0.0.0 Safari/537.36"
172.70.208.133 - - [16/Sep/2025:11:17:32 +0800] "GET /app/plugins/elementor/assets/css/widget-icon-list.min.css?ver=3.25.5 HTTP/2.0" 304 - "https://fixmate.id/fixmate-class-personal/?elementor-preview=791&ver=1757992650" "Mozilla/5.0 (Macintosh; Intel Mac OS X 10_15_7) AppleWebKit/537.36 (KHTML, like Gecko) Chrome/139.0.0.0 Safari/537.36"
162.158.190.59 - - [16/Sep/2025:11:17:32 +0800] "POST /wp/wp-admin/admin-ajax.php HTTP/2.0" 200 299307 "https://fixmate.id/wp/wp-admin/post.php?post=791&action=elementor" "Mozilla/5.0 (Macintosh; Intel Mac OS X 10_15_7) AppleWebKit/537.36 (KHTML, like Gecko) Chrome/139.0.0.0 Safari/537.36"
162.158.189.232 - - [16/Sep/2025:11:17:32 +0800] "GET /app/plugins/elementor/assets/lib/animations/styles/bounce.min.css?ver=3.25.5 HTTP/2.0" 304 - "https://fixmate.id/fixmate-class-personal/?elementor-preview=791&ver=1757992650" "Mozilla/5.0 (Macintosh; Intel Mac OS X 10_15_7) AppleWebKit/537.36 (KHTML, like Gecko) Chrome/139.0.0.0 Safari/537.36"
162.158.190.59 - - [16/Sep/2025:11:17:33 +0800] "GET /wp-json/elementor/v1/globals HTTP/2.0" 200 1660 "https://fixmate.id/wp/wp-admin/post.php?post=791&action=elementor" "Mozilla/5.0 (Macintosh; Intel Mac OS X 10_15_7) AppleWebKit/537.36 (KHTML, like Gecko) Chrome/139.0.0.0 Safari/537.36"
172.70.142.4 - - [16/Sep/2025:11:17:33 +0800] "GET /favicon.ico HTTP/2.0" 302 - "https://fixmate.id/wp/wp-admin/post.php?post=791&action=elementor" "Mozilla/5.0 (Macintosh; Intel Mac OS X 10_15_7) AppleWebKit/537.36 (KHTML, like Gecko) Chrome/139.0.0.0 Safari/537.36"
162.158.190.59 - - [16/Sep/2025:11:17:34 +0800] "GET /wp-json/elementor/v1/checklist/user-progress HTTP/2.0" 200 525 "https://fixmate.id/wp/wp-admin/post.php?post=791&action=elementor" "Mozilla/5.0 (Macintosh; Intel Mac OS X 10_15_7) AppleWebKit/537.36 (KHTML, like Gecko) Chrome/139.0.0.0 Safari/537.36"
162.158.190.59 - - [16/Sep/2025:11:17:34 +0800] "POST /wp/wp-admin/admin-ajax.php HTTP/2.0" 200 712 "https://fixmate.id/wp/wp-admin/post.php?post=791&action=elementor" "Mozilla/5.0 (Macintosh; Intel Mac OS X 10_15_7) AppleWebKit/537.36 (KHTML, like Gecko) Chrome/139.0.0.0 Safari/537.36"
162.158.190.59 - - [16/Sep/2025:11:17:46 +0800] "POST /wp/wp-admin/admin-ajax.php HTTP/2.0" 200 77 "https://fixmate.id/wp/wp-admin/post.php?post=791&action=elementor" "Mozilla/5.0 (Macintosh; Intel Mac OS X 10_15_7) AppleWebKit/537.36 (KHTML, like Gecko) Chrome/139.0.0.0 Safari/537.36"
162.158.190.59 - - [16/Sep/2025:11:18:01 +0800] "POST /wp/wp-admin/admin-ajax.php HTTP/2.0" 200 77 "https://fixmate.id/wp/wp-admin/post.php?post=791&action=elementor" "Mozilla/5.0 (Macintosh; Intel Mac OS X 10_15_7) AppleWebKit/537.36 (KHTML, like Gecko) Chrome/139.0.0.0 Safari/537.36"
162.158.190.59 - - [16/Sep/2025:11:18:03 +0800] "POST /wp/wp-admin/admin-ajax.php HTTP/2.0" 200 1401 "https://fixmate.id/wp/wp-admin/post.php?post=791&action=elementor" "Mozilla/5.0 (Macintosh; Intel Mac OS X 10_15_7) AppleWebKit/537.36 (KHTML, like Gecko) Chrome/139.0.0.0 Safari/537.36"
172.71.124.122 - - [16/Sep/2025:11:18:17 +0800] "POST /wp/wp-admin/admin-ajax.php HTTP/2.0" 200 77 "https://fixmate.id/wp/wp-admin/post.php?post=791&action=elementor" "Mozilla/5.0 (Macintosh; Intel Mac OS X 10_15_7) AppleWebKit/537.36 (KHTML, like Gecko) Chrome/139.0.0.0 Safari/537.36"
172.71.124.122 - - [16/Sep/2025:11:18:19 +0800] "POST /wp/wp-admin/admin-ajax.php HTTP/2.0" 200 1401 "https://fixmate.id/wp/wp-admin/post.php?post=791&action=elementor" "Mozilla/5.0 (Macintosh; Intel Mac OS X 10_15_7) AppleWebKit/537.36 (KHTML, like Gecko) Chrome/139.0.0.0 Safari/537.36"
172.71.124.122 - - [16/Sep/2025:11:18:20 +0800] "POST /wp/wp-admin/admin-ajax.php HTTP/2.0" 200 1404 "https://fixmate.id/wp/wp-admin/post.php?post=791&action=elementor" "Mozilla/5.0 (Macintosh; Intel Mac OS X 10_15_7) AppleWebKit/537.36 (KHTML, like Gecko) Chrome/139.0.0.0 Safari/537.36"
172.71.124.122 - - [16/Sep/2025:11:18:21 +0800] "POST /wp/wp-admin/admin-ajax.php HTTP/2.0" 200 1405 "https://fixmate.id/wp/wp-admin/post.php?post=791&action=elementor" "Mozilla/5.0 (Macintosh; Intel Mac OS X 10_15_7) AppleWebKit/537.36 (KHTML, like Gecko) Chrome/139.0.0.0 Safari/537.36"
172.71.124.122 - - [16/Sep/2025:11:18:22 +0800] "POST /wp/wp-admin/admin-ajax.php HTTP/2.0" 200 1408 "https://fixmate.id/wp/wp-admin/post.php?post=791&action=elementor" "Mozilla/5.0 (Macintosh; Intel Mac OS X 10_15_7) AppleWebKit/537.36 (KHTML, like Gecko) Chrome/139.0.0.0 Safari/537.36"
172.71.124.122 - - [16/Sep/2025:11:18:23 +0800] "POST /wp/wp-admin/admin-ajax.php HTTP/2.0" 200 1409 "https://fixmate.id/wp/wp-admin/post.php?post=791&action=elementor" "Mozilla/5.0 (Macintosh; Intel Mac OS X 10_15_7) AppleWebKit/537.36 (KHTML, like Gecko) Chrome/139.0.0.0 Safari/537.36"
172.71.124.122 - - [16/Sep/2025:11:18:24 +0800] "POST /wp/wp-admin/admin-ajax.php HTTP/2.0" 200 1410 "https://fixmate.id/wp/wp-admin/post.php?post=791&action=elementor" "Mozilla/5.0 (Macintosh; Intel Mac OS X 10_15_7) AppleWebKit/537.36 (KHTML, like Gecko) Chrome/139.0.0.0 Safari/537.36"
172.71.124.122 - - [16/Sep/2025:11:18:32 +0800] "POST /wp/wp-admin/admin-ajax.php HTTP/2.0" 200 77 "https://fixmate.id/wp/wp-admin/post.php?post=791&action=elementor" "Mozilla/5.0 (Macintosh; Intel Mac OS X 10_15_7) AppleWebKit/537.36 (KHTML, like Gecko) Chrome/139.0.0.0 Safari/537.36"
172.71.124.122 - - [16/Sep/2025:11:19:12 +0800] "GET /wp-json/elementor/v1/checklist/user-progress HTTP/2.0" 200 525 "https://fixmate.id/wp/wp-admin/post.php?post=791&action=elementor" "Mozilla/5.0 (Macintosh; Intel Mac OS X 10_15_7) AppleWebKit/537.36 (KHTML, like Gecko) Chrome/139.0.0.0 Safari/537.36"
172.71.124.122 - - [16/Sep/2025:11:19:12 +0800] "POST /wp/wp-admin/admin-ajax.php HTTP/2.0" 200 77 "https://fixmate.id/wp/wp-admin/post.php?post=791&action=elementor" "Mozilla/5.0 (Macintosh; Intel Mac OS X 10_15_7) AppleWebKit/537.36 (KHTML, like Gecko) Chrome/139.0.0.0 Safari/537.36"
172.71.124.122 - - [16/Sep/2025:11:19:13 +0800] "POST /wp/wp-admin/admin-ajax.php HTTP/2.0" 200 47 "https://fixmate.id/wp/wp-admin/" "Mozilla/5.0 (Macintosh; Intel Mac OS X 10_15_7) AppleWebKit/537.36 (KHTML, like Gecko) Chrome/139.0.0.0 Safari/537.36"
172.71.124.123 - - [16/Sep/2025:11:19:24 +0800] "GET /wp-json/elementor/v1/checklist/user-progress HTTP/2.0" 200 525 "https://fixmate.id/wp/wp-admin/post.php?post=791&action=elementor" "Mozilla/5.0 (Macintosh; Intel Mac OS X 10_15_7) AppleWebKit/537.36 (KHTML, like Gecko) Chrome/139.0.0.0 Safari/537.36"
172.71.124.123 - - [16/Sep/2025:11:19:25 +0800] "POST /wp/wp-admin/admin-ajax.php HTTP/2.0" 200 717 "https://fixmate.id/wp/wp-admin/post.php?post=791&action=elementor" "Mozilla/5.0 (Macintosh; Intel Mac OS X 10_15_7) AppleWebKit/537.36 (KHTML, like Gecko) Chrome/139.0.0.0 Safari/537.36"
172.71.124.123 - - [16/Sep/2025:11:19:25 +0800] "GET /wp-json/elementor/v1/checklist/user-progress HTTP/2.0" 200 525 "https://fixmate.id/wp/wp-admin/post.php?post=791&action=elementor" "Mozilla/5.0 (Macintosh; Intel Mac OS X 10_15_7) AppleWebKit/537.36 (KHTML, like Gecko) Chrome/139.0.0.0 Safari/537.36"
172.71.124.123 - - [16/Sep/2025:11:19:26 +0800] "POST /wp/wp-admin/admin-ajax.php HTTP/2.0" 200 1028 "https://fixmate.id/wp/wp-admin/post.php?post=791&action=elementor" "Mozilla/5.0 (Macintosh; Intel Mac OS X 10_15_7) AppleWebKit/537.36 (KHTML, like Gecko) Chrome/139.0.0.0 Safari/537.36"
172.71.124.123 - - [16/Sep/2025:11:19:26 +0800] "POST /wp/wp-admin/admin-ajax.php HTTP/2.0" 200 77 "https://fixmate.id/wp/wp-admin/post.php?post=791&action=elementor" "Mozilla/5.0 (Macintosh; Intel Mac OS X 10_15_7) AppleWebKit/537.36 (KHTML, like Gecko) Chrome/139.0.0.0 Safari/537.36"
172.71.124.122 - - [16/Sep/2025:11:19:42 +0800] "POST /wp/wp-admin/admin-ajax.php HTTP/2.0" 200 77 "https://fixmate.id/wp/wp-admin/post.php?post=791&action=elementor" "Mozilla/5.0 (Macintosh; Intel Mac OS X 10_15_7) AppleWebKit/537.36 (KHTML, like Gecko) Chrome/139.0.0.0 Safari/537.36"
172.70.92.237 - - [16/Sep/2025:11:21:14 +0800] "POST /wp/wp-admin/admin-ajax.php HTTP/2.0" 200 47 "https://fixmate.id/wp/wp-admin/" "Mozilla/5.0 (Macintosh; Intel Mac OS X 10_15_7) AppleWebKit/537.36 (KHTML, like Gecko) Chrome/139.0.0.0 Safari/537.36"
172.71.223.134 - - [16/Sep/2025:11:21:14 +0800] "GET /fixmate-class-personal/ HTTP/2.0" 200 87488 "-" "Mozilla/5.0 AppleWebKit/537.36 (KHTML, like Gecko); compatible; ChatGPT-User/1.0; +https://openai.com/bot"
172.70.92.236 - - [16/Sep/2025:11:21:43 +0800] "POST /wp/wp-admin/admin-ajax.php HTTP/2.0" 200 77 "https://fixmate.id/wp/wp-admin/post.php?post=791&action=elementor" "Mozilla/5.0 (Macintosh; Intel Mac OS X 10_15_7) AppleWebKit/537.36 (KHTML, like Gecko) Chrome/139.0.0.0 Safari/537.36"
172.69.166.117 - - [16/Sep/2025:11:23:15 +0800] "POST /wp/wp-admin/admin-ajax.php HTTP/2.0" 200 47 "https://fixmate.id/wp/wp-admin/" "Mozilla/5.0 (Macintosh; Intel Mac OS X 10_15_7) AppleWebKit/537.36 (KHTML, like Gecko) Chrome/139.0.0.0 Safari/537.36"
172.69.166.117 - - [16/Sep/2025:11:23:44 +0800] "POST /wp/wp-admin/admin-ajax.php HTTP/2.0" 200 77 "https://fixmate.id/wp/wp-admin/post.php?post=791&action=elementor" "Mozilla/5.0 (Macintosh; Intel Mac OS X 10_15_7) AppleWebKit/537.36 (KHTML, like Gecko) Chrome/139.0.0.0 Safari/537.36"
162.158.162.10 - - [16/Sep/2025:11:25:16 +0800] "POST /wp/wp-admin/admin-ajax.php HTTP/2.0" 200 47 "https://fixmate.id/wp/wp-admin/" "Mozilla/5.0 (Macintosh; Intel Mac OS X 10_15_7) AppleWebKit/537.36 (KHTML, like Gecko) Chrome/139.0.0.0 Safari/537.36"
162.158.162.10 - - [16/Sep/2025:11:25:45 +0800] "POST /wp/wp-admin/admin-ajax.php HTTP/2.0" 200 77 "https://fixmate.id/wp/wp-admin/post.php?post=791&action=elementor" "Mozilla/5.0 (Macintosh; Intel Mac OS X 10_15_7) AppleWebKit/537.36 (KHTML, like Gecko) Chrome/139.0.0.0 Safari/537.36"
172.68.164.123 - - [16/Sep/2025:11:27:17 +0800] "POST /wp/wp-admin/admin-ajax.php HTTP/2.0" 200 47 "https://fixmate.id/wp/wp-admin/" "Mozilla/5.0 (Macintosh; Intel Mac OS X 10_15_7) AppleWebKit/537.36 (KHTML, like Gecko) Chrome/139.0.0.0 Safari/537.36"
172.68.164.123 - - [16/Sep/2025:11:27:46 +0800] "POST /wp/wp-admin/admin-ajax.php HTTP/2.0" 200 77 "https://fixmate.id/wp/wp-admin/post.php?post=791&action=elementor" "Mozilla/5.0 (Macintosh; Intel Mac OS X 10_15_7) AppleWebKit/537.36 (KHTML, like Gecko) Chrome/139.0.0.0 Safari/537.36"
162.158.190.59 - - [16/Sep/2025:11:29:19 +0800] "POST /wp/wp-admin/admin-ajax.php HTTP/2.0" 200 47 "https://fixmate.id/wp/wp-admin/" "Mozilla/5.0 (Macintosh; Intel Mac OS X 10_15_7) AppleWebKit/537.36 (KHTML, like Gecko) Chrome/139.0.0.0 Safari/537.36"
162.158.190.59 - - [16/Sep/2025:11:29:48 +0800] "POST /wp/wp-admin/admin-ajax.php HTTP/2.0" 200 77 "https://fixmate.id/wp/wp-admin/post.php?post=791&action=elementor" "Mozilla/5.0 (Macintosh; Intel Mac OS X 10_15_7) AppleWebKit/537.36 (KHTML, like Gecko) Chrome/139.0.0.0 Safari/537.36"
172.69.89.161 - - [16/Sep/2025:11:31:20 +0800] "POST /wp/wp-cron.php?doing_wp_cron=1757993480.0641379356384277343750 HTTP/2.0" 200 - "-" "WordPress/6.8.1; https://fixmate.id"
172.69.176.98 - - [16/Sep/2025:11:31:19 +0800] "POST /wp/wp-admin/admin-ajax.php HTTP/2.0" 200 47 "https://fixmate.id/wp/wp-admin/" "Mozilla/5.0 (Macintosh; Intel Mac OS X 10_15_7) AppleWebKit/537.36 (KHTML, like Gecko) Chrome/139.0.0.0 Safari/537.36"
172.69.176.98 - - [16/Sep/2025:11:31:48 +0800] "POST /wp/wp-admin/admin-ajax.php HTTP/2.0" 200 77 "https://fixmate.id/wp/wp-admin/post.php?post=791&action=elementor" "Mozilla/5.0 (Macintosh; Intel Mac OS X 10_15_7) AppleWebKit/537.36 (KHTML, like Gecko) Chrome/139.0.0.0 Safari/537.36"
162.158.88.129 - - [16/Sep/2025:11:33:21 +0800] "POST /wp/wp-admin/admin-ajax.php HTTP/2.0" 200 47 "https://fixmate.id/wp/wp-admin/" "Mozilla/5.0 (Macintosh; Intel Mac OS X 10_15_7) AppleWebKit/537.36 (KHTML, like Gecko) Chrome/139.0.0.0 Safari/537.36"
162.158.88.107 - - [16/Sep/2025:11:33:49 +0800] "POST /wp/wp-admin/admin-ajax.php HTTP/2.0" 200 77 "https://fixmate.id/wp/wp-admin/post.php?post=791&action=elementor" "Mozilla/5.0 (Macintosh; Intel Mac OS X 10_15_7) AppleWebKit/537.36 (KHTML, like Gecko) Chrome/139.0.0.0 Safari/537.36"
172.71.124.123 - - [16/Sep/2025:11:35:22 +0800] "POST /wp/wp-admin/admin-ajax.php HTTP/2.0" 200 47 "https://fixmate.id/wp/wp-admin/" "Mozilla/5.0 (Macintosh; Intel Mac OS X 10_15_7) AppleWebKit/537.36 (KHTML, like Gecko) Chrome/139.0.0.0 Safari/537.36"
172.71.124.123 - - [16/Sep/2025:11:35:39 +0800] "GET /wp-json/elementor/v1/checklist/user-progress HTTP/2.0" 200 525 "https://fixmate.id/wp/wp-admin/post.php?post=791&action=elementor" "Mozilla/5.0 (Macintosh; Intel Mac OS X 10_15_7) AppleWebKit/537.36 (KHTML, like Gecko) Chrome/139.0.0.0 Safari/537.36"
172.71.124.122 - - [16/Sep/2025:11:35:39 +0800] "POST /wp/wp-admin/admin-ajax.php HTTP/2.0" 200 77 "https://fixmate.id/wp/wp-admin/post.php?post=791&action=elementor" "Mozilla/5.0 (Macintosh; Intel Mac OS X 10_15_7) AppleWebKit/537.36 (KHTML, like Gecko) Chrome/139.0.0.0 Safari/537.36"
172.71.124.122 - - [16/Sep/2025:11:35:54 +0800] "POST /wp/wp-admin/admin-ajax.php HTTP/2.0" 200 77 "https://fixmate.id/wp/wp-admin/post.php?post=791&action=elementor" "Mozilla/5.0 (Macintosh; Intel Mac OS X 10_15_7) AppleWebKit/537.36 (KHTML, like Gecko) Chrome/139.0.0.0 Safari/537.36"
162.158.88.129 - - [16/Sep/2025:11:37:22 +0800] "POST /wp/wp-admin/admin-ajax.php HTTP/2.0" 200 47 "https://fixmate.id/wp/wp-admin/" "Mozilla/5.0 (Macintosh; Intel Mac OS X 10_15_7) AppleWebKit/537.36 (KHTML, like Gecko) Chrome/139.0.0.0 Safari/537.36"
172.70.92.236 - - [16/Sep/2025:11:37:55 +0800] "POST /wp/wp-admin/admin-ajax.php HTTP/2.0" 200 77 "https://fixmate.id/wp/wp-admin/post.php?post=791&action=elementor" "Mozilla/5.0 (Macintosh; Intel Mac OS X 10_15_7) AppleWebKit/537.36 (KHTML, like Gecko) Chrome/139.0.0.0 Safari/537.36"
172.69.176.99 - - [16/Sep/2025:11:39:23 +0800] "POST /wp/wp-admin/admin-ajax.php HTTP/2.0" 200 47 "https://fixmate.id/wp/wp-admin/" "Mozilla/5.0 (Macintosh; Intel Mac OS X 10_15_7) AppleWebKit/537.36 (KHTML, like Gecko) Chrome/139.0.0.0 Safari/537.36"
172.69.166.117 - - [16/Sep/2025:11:39:56 +0800] "POST /wp/wp-admin/admin-ajax.php HTTP/2.0" 200 77 "https://fixmate.id/wp/wp-admin/post.php?post=791&action=elementor" "Mozilla/5.0 (Macintosh; Intel Mac OS X 10_15_7) AppleWebKit/537.36 (KHTML, like Gecko) Chrome/139.0.0.0 Safari/537.36"
172.70.208.100 - - [16/Sep/2025:11:41:25 +0800] "POST /wp/wp-admin/admin-ajax.php HTTP/2.0" 200 47 "https://fixmate.id/wp/wp-admin/" "Mozilla/5.0 (Macintosh; Intel Mac OS X 10_15_7) AppleWebKit/537.36 (KHTML, like Gecko) Chrome/139.0.0.0 Safari/537.36"
162.158.106.192 - - [16/Sep/2025:11:41:57 +0800] "POST /wp/wp-admin/admin-ajax.php HTTP/2.0" 200 77 "https://fixmate.id/wp/wp-admin/post.php?post=791&action=elementor" "Mozilla/5.0 (Macintosh; Intel Mac OS X 10_15_7) AppleWebKit/537.36 (KHTML, like Gecko) Chrome/139.0.0.0 Safari/537.36"
172.71.82.151 - - [16/Sep/2025:11:43:26 +0800] "POST /wp/wp-admin/admin-ajax.php HTTP/2.0" 200 47 "https://fixmate.id/wp/wp-admin/" "Mozilla/5.0 (Macintosh; Intel Mac OS X 10_15_7) AppleWebKit/537.36 (KHTML, like Gecko) Chrome/139.0.0.0 Safari/537.36"
104.23.175.117 - - [16/Sep/2025:11:43:58 +0800] "POST /wp/wp-admin/admin-ajax.php HTTP/2.0" 200 77 "https://fixmate.id/wp/wp-admin/post.php?post=791&action=elementor" "Mozilla/5.0 (Macintosh; Intel Mac OS X 10_15_7) AppleWebKit/537.36 (KHTML, like Gecko) Chrome/139.0.0.0 Safari/537.36"
162.158.88.128 - - [16/Sep/2025:11:45:26 +0800] "POST /wp/wp-admin/admin-ajax.php HTTP/2.0" 200 47 "https://fixmate.id/wp/wp-admin/" "Mozilla/5.0 (Macintosh; Intel Mac OS X 10_15_7) AppleWebKit/537.36 (KHTML, like Gecko) Chrome/139.0.0.0 Safari/537.36"
172.70.92.236 - - [16/Sep/2025:11:45:59 +0800] "POST /wp/wp-admin/admin-ajax.php HTTP/2.0" 200 77 "https://fixmate.id/wp/wp-admin/post.php?post=791&action=elementor" "Mozilla/5.0 (Macintosh; Intel Mac OS X 10_15_7) AppleWebKit/537.36 (KHTML, like Gecko) Chrome/139.0.0.0 Safari/537.36"
172.69.176.99 - - [16/Sep/2025:11:47:28 +0800] "POST /wp/wp-admin/admin-ajax.php HTTP/2.0" 200 47 "https://fixmate.id/wp/wp-admin/" "Mozilla/5.0 (Macintosh; Intel Mac OS X 10_15_7) AppleWebKit/537.36 (KHTML, like Gecko) Chrome/139.0.0.0 Safari/537.36"
172.69.176.98 - - [16/Sep/2025:11:48:00 +0800] "POST /wp/wp-admin/admin-ajax.php HTTP/2.0" 200 77 "https://fixmate.id/wp/wp-admin/post.php?post=791&action=elementor" "Mozilla/5.0 (Macintosh; Intel Mac OS X 10_15_7) AppleWebKit/537.36 (KHTML, like Gecko) Chrome/139.0.0.0 Safari/537.36"
172.69.176.98 - - [16/Sep/2025:11:49:28 +0800] "POST /wp/wp-admin/admin-ajax.php HTTP/2.0" 200 47 "https://fixmate.id/wp/wp-admin/" "Mozilla/5.0 (Macintosh; Intel Mac OS X 10_15_7) AppleWebKit/537.36 (KHTML, like Gecko) Chrome/139.0.0.0 Safari/537.36"
172.70.92.237 - - [16/Sep/2025:11:50:01 +0800] "POST /wp/wp-admin/admin-ajax.php HTTP/2.0" 200 77 "https://fixmate.id/wp/wp-admin/post.php?post=791&action=elementor" "Mozilla/5.0 (Macintosh; Intel Mac OS X 10_15_7) AppleWebKit/537.36 (KHTML, like Gecko) Chrome/139.0.0.0 Safari/537.36"
172.69.166.116 - - [16/Sep/2025:11:51:29 +0800] "POST /wp/wp-admin/admin-ajax.php HTTP/2.0" 200 47 "https://fixmate.id/wp/wp-admin/" "Mozilla/5.0 (Macintosh; Intel Mac OS X 10_15_7) AppleWebKit/537.36 (KHTML, like Gecko) Chrome/139.0.0.0 Safari/537.36"
172.69.166.116 - - [16/Sep/2025:11:52:02 +0800] "POST /wp/wp-admin/admin-ajax.php HTTP/2.0" 200 77 "https://fixmate.id/wp/wp-admin/post.php?post=791&action=elementor" "Mozilla/5.0 (Macintosh; Intel Mac OS X 10_15_7) AppleWebKit/537.36 (KHTML, like Gecko) Chrome/139.0.0.0 Safari/537.36"
172.69.166.117 - - [16/Sep/2025:11:53:31 +0800] "POST /wp/wp-admin/admin-ajax.php HTTP/2.0" 200 47 "https://fixmate.id/wp/wp-admin/" "Mozilla/5.0 (Macintosh; Intel Mac OS X 10_15_7) AppleWebKit/537.36 (KHTML, like Gecko) Chrome/139.0.0.0 Safari/537.36"
172.70.208.100 - - [16/Sep/2025:11:54:03 +0800] "POST /wp/wp-admin/admin-ajax.php HTTP/2.0" 200 77 "https://fixmate.id/wp/wp-admin/post.php?post=791&action=elementor" "Mozilla/5.0 (Macintosh; Intel Mac OS X 10_15_7) AppleWebKit/537.36 (KHTML, like Gecko) Chrome/139.0.0.0 Safari/537.36"
172.69.166.117 - - [16/Sep/2025:11:55:31 +0800] "POST /wp/wp-admin/admin-ajax.php HTTP/2.0" 200 47 "https://fixmate.id/wp/wp-admin/" "Mozilla/5.0 (Macintosh; Intel Mac OS X 10_15_7) AppleWebKit/537.36 (KHTML, like Gecko) Chrome/139.0.0.0 Safari/537.36"
162.158.88.129 - - [16/Sep/2025:11:56:05 +0800] "POST /wp/wp-admin/admin-ajax.php HTTP/2.0" 200 77 "https://fixmate.id/wp/wp-admin/post.php?post=791&action=elementor" "Mozilla/5.0 (Macintosh; Intel Mac OS X 10_15_7) AppleWebKit/537.36 (KHTML, like Gecko) Chrome/139.0.0.0 Safari/537.36"
162.158.108.17 - - [16/Sep/2025:11:57:01 +0800] "POST /wp/wp-admin/admin-ajax.php HTTP/2.0" 200 77 "https://fixmate.id/wp/wp-admin/post.php?post=791&action=elementor" "Mozilla/5.0 (Macintosh; Intel Mac OS X 10_15_7) AppleWebKit/537.36 (KHTML, like Gecko) Chrome/139.0.0.0 Safari/537.36"
162.158.108.17 - - [16/Sep/2025:11:57:01 +0800] "GET /wp-json/elementor/v1/checklist/user-progress HTTP/2.0" 200 525 "https://fixmate.id/wp/wp-admin/post.php?post=791&action=elementor" "Mozilla/5.0 (Macintosh; Intel Mac OS X 10_15_7) AppleWebKit/537.36 (KHTML, like Gecko) Chrome/139.0.0.0 Safari/537.36"
162.158.108.17 - - [16/Sep/2025:11:57:15 +0800] "POST /wp/wp-admin/admin-ajax.php HTTP/2.0" 200 77 "https://fixmate.id/wp/wp-admin/post.php?post=791&action=elementor" "Mozilla/5.0 (Macintosh; Intel Mac OS X 10_15_7) AppleWebKit/537.36 (KHTML, like Gecko) Chrome/139.0.0.0 Safari/537.36"
172.68.164.29 - - [16/Sep/2025:11:57:24 +0800] "GET /app/plugins/elementor/assets/lib/font-awesome/webfonts/fa-brands-400.woff2 HTTP/2.0" 304 - "https://fixmate.id/app/plugins/elementor/assets/lib/font-awesome/css/brands.min.css" "Mozilla/5.0 (Macintosh; Intel Mac OS X 10_15_7) AppleWebKit/537.36 (KHTML, like Gecko) Chrome/139.0.0.0 Safari/537.36"
172.71.124.81 - - [16/Sep/2025:11:57:24 +0800] "GET /app/plugins/elementor/assets/lib/font-awesome/webfonts/fa-regular-400.woff2 HTTP/2.0" 304 - "https://fixmate.id/app/plugins/elementor/assets/lib/font-awesome/css/regular.min.css" "Mozilla/5.0 (Macintosh; Intel Mac OS X 10_15_7) AppleWebKit/537.36 (KHTML, like Gecko) Chrome/139.0.0.0 Safari/537.36"
162.158.108.17 - - [16/Sep/2025:11:57:30 +0800] "POST /wp/wp-admin/admin-ajax.php HTTP/2.0" 200 77 "https://fixmate.id/wp/wp-admin/post.php?post=791&action=elementor" "Mozilla/5.0 (Macintosh; Intel Mac OS X 10_15_7) AppleWebKit/537.36 (KHTML, like Gecko) Chrome/139.0.0.0 Safari/537.36"
162.158.108.17 - - [16/Sep/2025:11:57:32 +0800] "POST /wp/wp-admin/admin-ajax.php HTTP/2.0" 200 47 "https://fixmate.id/wp/wp-admin/" "Mozilla/5.0 (Macintosh; Intel Mac OS X 10_15_7) AppleWebKit/537.36 (KHTML, like Gecko) Chrome/139.0.0.0 Safari/537.36"
162.158.108.16 - - [16/Sep/2025:11:57:45 +0800] "POST /wp/wp-admin/admin-ajax.php HTTP/2.0" 200 77 "https://fixmate.id/wp/wp-admin/post.php?post=791&action=elementor" "Mozilla/5.0 (Macintosh; Intel Mac OS X 10_15_7) AppleWebKit/537.36 (KHTML, like Gecko) Chrome/139.0.0.0 Safari/537.36"
162.158.108.16 - - [16/Sep/2025:11:57:46 +0800] "POST /wp/wp-admin/admin-ajax.php HTTP/2.0" 200 1498 "https://fixmate.id/wp/wp-admin/post.php?post=791&action=elementor" "Mozilla/5.0 (Macintosh; Intel Mac OS X 10_15_7) AppleWebKit/537.36 (KHTML, like Gecko) Chrome/139.0.0.0 Safari/537.36"
162.158.108.16 - - [16/Sep/2025:11:58:00 +0800] "POST /wp/wp-admin/admin-ajax.php HTTP/2.0" 200 77 "https://fixmate.id/wp/wp-admin/post.php?post=791&action=elementor" "Mozilla/5.0 (Macintosh; Intel Mac OS X 10_15_7) AppleWebKit/537.36 (KHTML, like Gecko) Chrome/139.0.0.0 Safari/537.36"
162.158.108.16 - - [16/Sep/2025:11:58:15 +0800] "POST /wp/wp-admin/admin-ajax.php HTTP/2.0" 200 77 "https://fixmate.id/wp/wp-admin/post.php?post=791&action=elementor" "Mozilla/5.0 (Macintosh; Intel Mac OS X 10_15_7) AppleWebKit/537.36 (KHTML, like Gecko) Chrome/139.0.0.0 Safari/537.36"
162.158.108.17 - - [16/Sep/2025:11:58:31 +0800] "POST /wp/wp-admin/admin-ajax.php HTTP/2.0" 200 77 "https://fixmate.id/wp/wp-admin/post.php?post=791&action=elementor" "Mozilla/5.0 (Macintosh; Intel Mac OS X 10_15_7) AppleWebKit/537.36 (KHTML, like Gecko) Chrome/139.0.0.0 Safari/537.36"
162.158.108.16 - - [16/Sep/2025:11:58:47 +0800] "GET /wp-json/elementor/v1/checklist/user-progress HTTP/2.0" 200 525 "https://fixmate.id/wp/wp-admin/post.php?post=791&action=elementor" "Mozilla/5.0 (Macintosh; Intel Mac OS X 10_15_7) AppleWebKit/537.36 (KHTML, like Gecko) Chrome/139.0.0.0 Safari/537.36"
162.158.108.16 - - [16/Sep/2025:11:58:47 +0800] "POST /wp/wp-admin/admin-ajax.php HTTP/2.0" 200 716 "https://fixmate.id/wp/wp-admin/post.php?post=791&action=elementor" "Mozilla/5.0 (Macintosh; Intel Mac OS X 10_15_7) AppleWebKit/537.36 (KHTML, like Gecko) Chrome/139.0.0.0 Safari/537.36"
162.158.108.16 - - [16/Sep/2025:11:58:48 +0800] "GET /wp-json/elementor/v1/checklist/user-progress HTTP/2.0" 200 525 "https://fixmate.id/wp/wp-admin/post.php?post=791&action=elementor" "Mozilla/5.0 (Macintosh; Intel Mac OS X 10_15_7) AppleWebKit/537.36 (KHTML, like Gecko) Chrome/139.0.0.0 Safari/537.36"
172.69.166.116 - - [16/Sep/2025:11:59:33 +0800] "POST /wp/wp-admin/admin-ajax.php HTTP/2.0" 200 47 "https://fixmate.id/wp/wp-admin/" "Mozilla/5.0 (Macintosh; Intel Mac OS X 10_15_7) AppleWebKit/537.36 (KHTML, like Gecko) Chrome/139.0.0.0 Safari/537.36"
172.69.166.117 - - [16/Sep/2025:11:59:51 +0800] "GET /wp-json/elementor/v1/checklist/user-progress HTTP/2.0" 200 525 "https://fixmate.id/wp/wp-admin/post.php?post=791&action=elementor" "Mozilla/5.0 (Macintosh; Intel Mac OS X 10_15_7) AppleWebKit/537.36 (KHTML, like Gecko) Chrome/139.0.0.0 Safari/537.36"
172.69.166.116 - - [16/Sep/2025:11:59:51 +0800] "POST /wp/wp-admin/admin-ajax.php HTTP/2.0" 200 77 "https://fixmate.id/wp/wp-admin/post.php?post=791&action=elementor" "Mozilla/5.0 (Macintosh; Intel Mac OS X 10_15_7) AppleWebKit/537.36 (KHTML, like Gecko) Chrome/139.0.0.0 Safari/537.36"
172.69.166.117 - - [16/Sep/2025:11:59:55 +0800] "POST /wp/wp-admin/admin-ajax.php HTTP/2.0" 200 1511 "https://fixmate.id/wp/wp-admin/post.php?post=791&action=elementor" "Mozilla/5.0 (Macintosh; Intel Mac OS X 10_15_7) AppleWebKit/537.36 (KHTML, like Gecko) Chrome/139.0.0.0 Safari/537.36"
172.69.166.116 - - [16/Sep/2025:12:00:02 +0800] "POST /wp/wp-admin/admin-ajax.php HTTP/2.0" 200 1504 "https://fixmate.id/wp/wp-admin/post.php?post=791&action=elementor" "Mozilla/5.0 (Macintosh; Intel Mac OS X 10_15_7) AppleWebKit/537.36 (KHTML, like Gecko) Chrome/139.0.0.0 Safari/537.36"
172.69.166.116 - - [16/Sep/2025:12:00:05 +0800] "POST /wp/wp-admin/admin-ajax.php HTTP/2.0" 200 77 "https://fixmate.id/wp/wp-admin/post.php?post=791&action=elementor" "Mozilla/5.0 (Macintosh; Intel Mac OS X 10_15_7) AppleWebKit/537.36 (KHTML, like Gecko) Chrome/139.0.0.0 Safari/537.36"
172.69.166.116 - - [16/Sep/2025:12:00:09 +0800] "POST /wp/wp-admin/admin-ajax.php HTTP/2.0" 200 1511 "https://fixmate.id/wp/wp-admin/post.php?post=791&action=elementor" "Mozilla/5.0 (Macintosh; Intel Mac OS X 10_15_7) AppleWebKit/537.36 (KHTML, like Gecko) Chrome/139.0.0.0 Safari/537.36"
