-- https://www.phpmyadmin.net/
--
-- Waktu pembuatan: 11 Bulan Mei 2023 pada 10.29
-- Versi server: 10.4.28-MariaDB
-- Versi PHP: 8.2.4

START TRANSACTION;



--
-- Database: `laravel-sip`
--

-- --------------------------------------------------------

--
-- Struktur dari tabel `etalase_pangan`
--

CREATE TABLE `etalase_pangan` (
  `id` bigint(20) UNSIGNED NOT NULL,
  `nama` varchar(255) NOT NULL,
  `alamat` text NOT NULL,
  `id_komoditi` bigint(20) UNSIGNED NOT NULL,
  `jumlah` varchar(255) NOT NULL,
  `harga` varchar(255) DEFAULT NULL,
  `status` int(11) DEFAULT NULL,
  `created_at` timestamp NULL DEFAULT NULL,
  `updated_at` timestamp NULL DEFAULT NULL
) ENGINE=InnoDB DEFAULT CHARSET=utf8mb4 COLLATE=utf8mb4_unicode_ci;

--
-- Dumping data untuk tabel `etalase_pangan`
--

INSERT INTO `etalase_pangan` (`id`, `nama`, `alamat`, `id_komoditi`, `jumlah`, `harga`, `status`, `created_at`, `updated_at`) VALUES
(10, 'Ahmad Riani', 'Jl. Wolter Monginsidi', 6, '100', '39000', 1, '2023-04-26 22:36:34', '2023-05-06 05:28:05');

-- --------------------------------------------------------

--
-- Struktur dari tabel `kampungs`
--

CREATE TABLE `kampungs` (
  `id` bigint(20) UNSIGNED NOT NULL,
  `nama` varchar(255) NOT NULL,
  `id_kecamatan` bigint(20) UNSIGNED NOT NULL,
  `created_at` timestamp NULL DEFAULT NULL,
  `updated_at` timestamp NULL DEFAULT NULL
) ENGINE=InnoDB DEFAULT CHARSET=utf8mb4 COLLATE=utf8mb4_unicode_ci;

--
-- Dumping data untuk tabel `kampungs`
--

INSERT INTO `kampungs` (`id`, `nama`, `id_kecamatan`, `created_at`, `updated_at`) VALUES
(2, 'Sendawar', 1, '2023-04-13 23:32:04', '2023-04-17 01:30:09'),
(3, 'Sumber Sari', 1, '2023-04-17 01:30:26', '2023-04-17 01:30:26'),
(4, 'Asa', 1, '2023-04-17 01:30:41', '2023-04-17 01:30:41'),
(5, 'P', 4, '2023-04-27 04:56:22', '2023-04-27 04:56:22');

-- --------------------------------------------------------

--
-- Struktur dari tabel `kecamatans`
--

CREATE TABLE `kecamatans` (
  `id` bigint(20) UNSIGNED NOT NULL,
  `nama` varchar(255) NOT NULL,
  `created_at` timestamp NULL DEFAULT NULL,
  `updated_at` timestamp NULL DEFAULT NULL
) ENGINE=InnoDB DEFAULT CHARSET=utf8mb4 COLLATE=utf8mb4_unicode_ci;

--
-- Dumping data untuk tabel `kecamatans`
--

INSERT INTO `kecamatans` (`id`, `nama`, `created_at`, `updated_at`) VALUES
(1, 'Barong Tongkok', '2023-04-13 23:14:33', '2023-04-13 23:14:33'),
(2, 'Bentian Besar', '2023-04-13 23:34:31', '2023-04-13 23:34:31'),
(3, 'Asa', '2023-04-18 13:13:18', '2023-04-18 13:13:18'),
(4, 'Penyinggahan', '2023-04-27 04:56:08', '2023-04-27 04:56:08');

-- --------------------------------------------------------

--
-- Struktur dari tabel `kegiatan_dinas`
--

CREATE TABLE `kegiatan_dinas` (
  `id` bigint(20) UNSIGNED NOT NULL,
  `judul` varchar(255) NOT NULL,
  `gambar` varchar(255) NOT NULL,
  `deskripsi` text NOT NULL,
  `created_at` timestamp NULL DEFAULT NULL,
  `updated_at` timestamp NULL DEFAULT NULL
) ENGINE=InnoDB DEFAULT CHARSET=utf8mb4 COLLATE=utf8mb4_unicode_ci;

-- --------------------------------------------------------

--
-- Struktur dari tabel `ketersediaan_pangans`
--

CREATE TABLE `ketersediaan_pangans` (
  `id` bigint(20) UNSIGNED NOT NULL,
  `bulan` varchar(255) NOT NULL,
  `minggu` varchar(255) NOT NULL,
  `harga_rata_rata` varchar(255) NOT NULL,
  `harga_rata_rata_pekan_lalu` varchar(255) NOT NULL,
  `kebutuhan` varchar(255) NOT NULL,
  `ketersediaan` varchar(255) NOT NULL,
  `ketersediaan_pekan_lalu` varchar(255) NOT NULL,
  `neraca` varchar(255) NOT NULL,
  `id_komoditi` bigint(20) UNSIGNED NOT NULL,
  `created_at` timestamp NULL DEFAULT NULL,
  `updated_at` timestamp NULL DEFAULT NULL
) ENGINE=InnoDB DEFAULT CHARSET=utf8mb4 COLLATE=utf8mb4_unicode_ci;

-- --------------------------------------------------------

--
-- Struktur dari tabel `laporan_harian_hargas`
--

CREATE TABLE `laporan_harian_hargas` (
  `id` bigint(20) UNSIGNED NOT NULL,
  `id_kecamatan` bigint(20) UNSIGNED NOT NULL,
  `bulan` varchar(255) NOT NULL,
  `tipe_penjualan` int(11) NOT NULL,
  `created_at` timestamp NULL DEFAULT NULL,
  `updated_at` timestamp NULL DEFAULT NULL
) ENGINE=InnoDB DEFAULT CHARSET=utf8mb4 COLLATE=utf8mb4_unicode_ci;

--
-- Dumping data untuk tabel `laporan_harian_hargas`
--

INSERT INTO `laporan_harian_hargas` (`id`, `id_kecamatan`, `bulan`, `tipe_penjualan`, `created_at`, `updated_at`) VALUES
(19, 1, '2023-05', 1, '2023-05-09 19:21:46', '2023-05-09 22:19:53');

-- --------------------------------------------------------

--
-- Struktur dari tabel `luas_lahan_petani`
--

CREATE TABLE `luas_lahan_petani` (
  `id` bigint(20) UNSIGNED NOT NULL,
  `nama` varchar(255) NOT NULL,
  `alamat` text NOT NULL,
  `luas_lahan` int(11) NOT NULL,
  `id_komoditi` bigint(20) UNSIGNED NOT NULL,
  `perkiraan_panen` date NOT NULL,
  `created_at` timestamp NULL DEFAULT NULL,
  `updated_at` timestamp NULL DEFAULT NULL
) ENGINE=InnoDB DEFAULT CHARSET=utf8mb4 COLLATE=utf8mb4_unicode_ci;

-- --------------------------------------------------------

--
-- Struktur dari tabel `luas_tanam_pusos`
--

CREATE TABLE `luas_tanam_pusos` (
  `id` bigint(20) UNSIGNED NOT NULL,
  `bulan` varchar(255) NOT NULL,
  `id_kecamatan` bigint(20) UNSIGNED NOT NULL,
  `id_kampung` bigint(20) UNSIGNED NOT NULL,
  `komoditas` varchar(255) NOT NULL,
  `luas_tanam` int(11) NOT NULL,
  `luas_puso` int(11) NOT NULL,
  `created_at` timestamp NULL DEFAULT NULL,
  `updated_at` timestamp NULL DEFAULT NULL
) ENGINE=InnoDB DEFAULT CHARSET=utf8mb4 COLLATE=utf8mb4_unicode_ci;

-- --------------------------------------------------------

--
-- Struktur dari tabel `migrations`
--

CREATE TABLE `migrations` (
  `id` int(10) UNSIGNED NOT NULL,
  `migration` varchar(255) NOT NULL,
  `batch` int(11) NOT NULL
) ENGINE=InnoDB DEFAULT CHARSET=utf8mb4 COLLATE=utf8mb4_unicode_ci;

--
-- Dumping data untuk tabel `migrations`
--

INSERT INTO `migrations` (`id`, `migration`, `batch`) VALUES
(1, '2014_10_12_000000_create_users_table', 1),
(2, '2023_04_13_041317_create_etalase_pangans_table', 2),
(3, '2023_04_13_042036_komoditi', 3),
(4, '2023_04_14_063736_create_kecamatans_table', 4),
(5, '2023_04_14_065314_create_kampungs_table', 5),
(6, '2023_04_15_161843_create_luas_lahan_petani', 6),
(7, '2023_04_17_074253_create_kegiatan_dinas_table', 7),
(8, '2023_04_18_152415_create_produks_table', 8),
(9, '2023_04_18_153237_create_produk_detail', 9),
(10, '2023_04_27_114847_create_timbang_balitas_table', 10),
(11, '2023_05_08_023209_create_luas_tanam_pusos_table', 11),
(12, '2023_05_08_074700_create_ketersediaan_pangans_table', 12);

-- --------------------------------------------------------

--
-- Struktur dari tabel `produks`
--

CREATE TABLE `produks` (
  `id` bigint(20) UNSIGNED NOT NULL,
  `nama` varchar(255) NOT NULL,
  `gambar` varchar(255) NOT NULL,
  `created_at` timestamp NULL DEFAULT NULL,
  `updated_at` timestamp NULL DEFAULT NULL
) ENGINE=InnoDB DEFAULT CHARSET=utf8mb4 COLLATE=utf8mb4_unicode_ci;

--
-- Dumping data untuk tabel `produks`
--

INSERT INTO `produks` (`id`, `nama`, `gambar`, `created_at`, `updated_at`) VALUES
(5, 'Ayam Boiler Bersih', 'Komoditi-230427063348.png', '2023-04-18 10:44:05', '2023-04-26 22:33:48'),
(6, 'Ayam Boiler Bulat', 'Komoditi-230427064323.png', '2023-04-18 10:44:22', '2023-04-26 22:43:23'),
(7, 'Bawang Merah', 'Komoditi-230427063405.png', '2023-04-18 10:44:30', '2023-04-26 22:34:05'),
(8, 'Bawang Putih', 'Komoditi-230427033234.png', '2023-04-18 10:44:39', '2023-04-27 07:32:34'),
(9, 'Beras Medium', 'Komoditi-230427063423.png', '2023-04-19 02:19:12', '2023-04-26 22:34:23'),
(10, 'Kedelai', 'Komoditi-230427064256.jpg', '2023-04-19 12:42:39', '2023-04-26 22:42:56');

-- --------------------------------------------------------

--
-- Struktur dari tabel `produk_detail`
--

CREATE TABLE `produk_detail` (
  `id` bigint(20) UNSIGNED NOT NULL,
  `id_laporan` bigint(20) UNSIGNED NOT NULL,
  `id_produk` bigint(20) UNSIGNED NOT NULL,
  `harga` varchar(255) DEFAULT NULL,
  `created_at` timestamp NULL DEFAULT NULL,
  `updated_at` timestamp NULL DEFAULT NULL
) ENGINE=InnoDB DEFAULT CHARSET=utf8mb4 COLLATE=utf8mb4_unicode_ci;

--
-- Dumping data untuk tabel `produk_detail`
--

INSERT INTO `produk_detail` (`id`, `id_laporan`, `id_produk`, `harga`, `created_at`, `updated_at`) VALUES
(61, 19, 5, '10.0333', '2023-05-09 19:21:46', '2023-05-09 22:19:53'),
(62, 19, 6, NULL, '2023-05-09 19:21:46', '2023-05-09 22:19:53'),
(63, 19, 7, NULL, '2023-05-09 19:21:46', '2023-05-09 22:19:53'),
(64, 19, 8, NULL, '2023-05-09 19:21:46', '2023-05-09 22:19:53'),
(65, 19, 9, NULL, '2023-05-09 19:21:46', '2023-05-09 22:19:53'),
(66, 19, 10, NULL, '2023-05-09 19:21:46', '2023-05-09 22:19:53');

-- --------------------------------------------------------

--
-- Struktur dari tabel `timbang_balitas`
--

CREATE TABLE `timbang_balitas` (
  `id` bigint(20) UNSIGNED NOT NULL,
  `bulan` varchar(255) NOT NULL,
  `id_kecamatan` bigint(20) UNSIGNED NOT NULL,
  `id_kampung` bigint(20) UNSIGNED NOT NULL,
  `jumlah_balita` int(11) NOT NULL,
  `berat_badan_naik` int(11) NOT NULL,
  `berat_badan_tidak_naik` int(11) NOT NULL,
  `dibawah_garis_merah` int(11) NOT NULL,
  `kasus_gizi_buruk` int(11) NOT NULL,
  `created_at` timestamp NULL DEFAULT NULL,
  `updated_at` timestamp NULL DEFAULT NULL
) ENGINE=InnoDB DEFAULT CHARSET=utf8mb4 COLLATE=utf8mb4_unicode_ci;

--
-- Indexes for dumped tables
--

--
-- Indeks untuk tabel `etalase_pangan`
--
ALTER TABLE `etalase_pangan`
  ADD PRIMARY KEY (`id`),
  ADD KEY `id_komoditi` (`id_komoditi`) USING BTREE;

--
-- Indeks untuk tabel `kampungs`
--
ALTER TABLE `kampungs`
  ADD PRIMARY KEY (`id`),
  ADD KEY `id_kecamatan` (`id_kecamatan`);

--
-- Indeks untuk tabel `kecamatans`
--
ALTER TABLE `kecamatans`
  ADD PRIMARY KEY (`id`);

--
-- Indeks untuk tabel `kegiatan_dinas`
--
ALTER TABLE `kegiatan_dinas`
  ADD PRIMARY KEY (`id`);

--
-- Indeks untuk tabel `ketersediaan_pangans`
--
ALTER TABLE `ketersediaan_pangans`
  ADD PRIMARY KEY (`id`),
  ADD KEY `id_komoditi` (`id_komoditi`);

--
-- Indeks untuk tabel `laporan_harian_hargas`
--
ALTER TABLE `laporan_harian_hargas`
  ADD PRIMARY KEY (`id`),
  ADD KEY `id_kecamatan` (`id_kecamatan`);

--
-- Indeks untuk tabel `luas_lahan_petani`
--
ALTER TABLE `luas_lahan_petani`
  ADD PRIMARY KEY (`id`),
  ADD KEY `luas_lahan_petani_ibfk_1` (`id_komoditi`);

--
-- Indeks untuk tabel `luas_tanam_pusos`
--
ALTER TABLE `luas_tanam_pusos`
  ADD PRIMARY KEY (`id`),
  ADD KEY `id_kampung` (`id_kampung`),
  ADD KEY `id_kecamatan` (`id_kecamatan`);

--
-- Indeks untuk tabel `migrations`
--
ALTER TABLE `migrations`
  ADD PRIMARY KEY (`id`);

--
-- Indeks untuk tabel `produks`
--
ALTER TABLE `produks`
  ADD PRIMARY KEY (`id`);

--
-- Indeks untuk tabel `produk_detail`
--
ALTER TABLE `produk_detail`
  ADD PRIMARY KEY (`id`),
  ADD KEY `id_laporan` (`id_laporan`,`id_produk`),
  ADD KEY `id_product` (`id_produk`);

--
-- Indeks untuk tabel `timbang_balitas`
--
ALTER TABLE `timbang_balitas`
  ADD PRIMARY KEY (`id`),
  ADD KEY `id_kecamatan` (`id_kecamatan`),
  ADD KEY `id_kampung` (`id_kampung`);

--
-- AUTO_INCREMENT untuk tabel yang dibuang
--

--
-- AUTO_INCREMENT untuk tabel `etalase_pangan`
--
ALTER TABLE `etalase_pangan`
  MODIFY `id` bigint(20) UNSIGNED NOT NULL AUTO_INCREMENT, AUTO_INCREMENT=11;

--
-- AUTO_INCREMENT untuk tabel `kampungs`
--
ALTER TABLE `kampungs`
  MODIFY `id` bigint(20) UNSIGNED NOT NULL AUTO_INCREMENT, AUTO_INCREMENT=6;

--
-- AUTO_INCREMENT untuk tabel `kecamatans`
--
ALTER TABLE `kecamatans`
  MODIFY `id` bigint(20) UNSIGNED NOT NULL AUTO_INCREMENT, AUTO_INCREMENT=5;

--
-- AUTO_INCREMENT untuk tabel `kegiatan_dinas`
--
ALTER TABLE `kegiatan_dinas`
  MODIFY `id` bigint(20) UNSIGNED NOT NULL AUTO_INCREMENT;

--
-- AUTO_INCREMENT untuk tabel `ketersediaan_pangans`
--
ALTER TABLE `ketersediaan_pangans`
  MODIFY `id` bigint(20) UNSIGNED NOT NULL AUTO_INCREMENT;

--
-- AUTO_INCREMENT untuk tabel `laporan_harian_hargas`
--
ALTER TABLE `laporan_harian_hargas`
  MODIFY `id` bigint(20) UNSIGNED NOT NULL AUTO_INCREMENT, AUTO_INCREMENT=20;

--
-- AUTO_INCREMENT untuk tabel `luas_lahan_petani`
--
ALTER TABLE `luas_lahan_petani`
  MODIFY `id` bigint(20) UNSIGNED NOT NULL AUTO_INCREMENT;

--
-- AUTO_INCREMENT untuk tabel `luas_tanam_pusos`
--
ALTER TABLE `luas_tanam_pusos`
  MODIFY `id` bigint(20) UNSIGNED NOT NULL AUTO_INCREMENT;

--
-- AUTO_INCREMENT untuk tabel `migrations`
--
ALTER TABLE `migrations`
  MODIFY `id` int(10) UNSIGNED NOT NULL AUTO_INCREMENT, AUTO_INCREMENT=13;

--
-- AUTO_INCREMENT untuk tabel `produks`
--
ALTER TABLE `produks`
  MODIFY `id` bigint(20) UNSIGNED NOT NULL AUTO_INCREMENT, AUTO_INCREMENT=12;

--
-- AUTO_INCREMENT untuk tabel `produk_detail`
--
ALTER TABLE `produk_detail`
  MODIFY `id` bigint(20) UNSIGNED NOT NULL AUTO_INCREMENT, AUTO_INCREMENT=67;

--
-- AUTO_INCREMENT untuk tabel `timbang_balitas`
--
ALTER TABLE `timbang_balitas`
  MODIFY `id` bigint(20) UNSIGNED NOT NULL AUTO_INCREMENT;

--
-- Ketidakleluasaan untuk tabel pelimpahan (Dumped Tables)
--

--
-- Ketidakleluasaan untuk tabel `etalase_pangan`
--
ALTER TABLE `etalase_pangan`
  ADD CONSTRAINT `etalase_pangan_ibfk_1` FOREIGN KEY (`id_komoditi`) REFERENCES `produks` (`id`);

--
-- Ketidakleluasaan untuk tabel `kampungs`
--
ALTER TABLE `kampungs`
  ADD CONSTRAINT `kampungs_ibfk_1` FOREIGN KEY (`id_kecamatan`) REFERENCES `kecamatans` (`id`);

--
-- Ketidakleluasaan untuk tabel `ketersediaan_pangans`
--
ALTER TABLE `ketersediaan_pangans`
  ADD CONSTRAINT `ketersediaan_pangans_ibfk_1` FOREIGN KEY (`id_komoditi`) REFERENCES `produks` (`id`);

--
-- Ketidakleluasaan untuk tabel `laporan_harian_hargas`
--
ALTER TABLE `laporan_harian_hargas`
  ADD CONSTRAINT `laporan_harian_hargas_ibfk_1` FOREIGN KEY (`id_kecamatan`) REFERENCES `kecamatans` (`id`);

--
-- Ketidakleluasaan untuk tabel `luas_lahan_petani`
--
ALTER TABLE `luas_lahan_petani`
  ADD CONSTRAINT `luas_lahan_petani_ibfk_1` FOREIGN KEY (`id_komoditi`) REFERENCES `produks` (`id`);

--
-- Ketidakleluasaan untuk tabel `luas_tanam_pusos`
--
ALTER TABLE `luas_tanam_pusos`
  ADD CONSTRAINT `luas_tanam_pusos_ibfk_1` FOREIGN KEY (`id_kampung`) REFERENCES `kampungs` (`id`),
  ADD CONSTRAINT `luas_tanam_pusos_ibfk_2` FOREIGN KEY (`id_kecamatan`) REFERENCES `kecamatans` (`id`);

--
-- Ketidakleluasaan untuk tabel `produk_detail`
--
ALTER TABLE `produk_detail`
  ADD CONSTRAINT `produk_detail_ibfk_1` FOREIGN KEY (`id_laporan`) REFERENCES `laporan_harian_hargas` (`id`),
  ADD CONSTRAINT `produk_detail_ibfk_2` FOREIGN KEY (`id_produk`) REFERENCES `produks` (`id`);

--
-- Ketidakleluasaan untuk tabel `timbang_balitas`
--
ALTER TABLE `timbang_balitas`
  ADD CONSTRAINT `timbang_balitas_ibfk_1` FOREIGN KEY (`id_kecamatan`) REFERENCES `kecamatans` (`id`),
  ADD CONSTRAINT `timbang_balitas_ibfk_2` FOREIGN KEY (`id_kampung`) REFERENCES `kampungs` (`id`);
COMMIT;

